61 a composite number?
False
Is 13781927 a prime number?
True
Is 79529 prime?
False
Is 111859607 a composite number?
False
Is 50544497 a prime number?
False
Is 3669989 a prime number?
False
Is 227183899 a composite number?
True
Is 1171361 prime?
False
Is 22508657 composite?
False
Is 2211206 a prime number?
False
Is 1338923 a prime number?
True
Is 50110013 a composite number?
False
Is 22520657 prime?
False
Is 24013159 a prime number?
False
Is 2706283 composite?
False
Is 6449413 prime?
True
Is 686719583 a composite number?
True
Is 2877097 a composite number?
True
Is 26032607 prime?
False
Is 6522137 a prime number?
False
Is 432613 a prime number?
True
Is 6457 a composite number?
True
Is 452429 composite?
True
Is 4208723 prime?
False
Is 244990913 a composite number?
True
Is 3669931 a composite number?
False
Is 34007219 composite?
False
Is 25492109 a prime number?
True
Is 11082761 a composite number?
False
Is 4533434 a prime number?
False
Is 2218861 a composite number?
False
Is 13171999 a composite number?
True
Is 74348251 a composite number?
False
Is 5034061 composite?
False
Is 39271417 a prime number?
False
Is 11184377 a composite number?
True
Is 5446447 prime?
False
Is 3063673 prime?
True
Is 6013471 prime?
True
Is 135524429 prime?
True
Is 6767753 composite?
False
Is 61483243 a prime number?
False
Is 936442549 composite?
True
Is 4555489 a prime number?
True
Is 12876503 a prime number?
True
Is 2650799 composite?
False
Is 6537478 prime?
False
Is 26556407 a composite number?
False
Is 23092429 a prime number?
False
Is 209142917 a composite number?
True
Is 11633213 a composite number?
False
Is 14457691 prime?
False
Is 147689 composite?
False
Is 8063611 prime?
False
Is 127708169 prime?
True
Is 59210761 a prime number?
True
Is 91349677 prime?
True
Is 2509561 composite?
False
Is 9664091 prime?
True
Is 46088963 a prime number?
False
Is 6447137 a prime number?
False
Is 2171735 composite?
True
Is 1730467 prime?
False
Is 4802767 composite?
True
Is 212940029 a prime number?
True
Is 138742 a composite number?
True
Is 3925822 a composite number?
True
Is 3410123 prime?
False
Is 1998977 prime?
True
Is 118699169 a prime number?
True
Is 20578547 composite?
True
Is 1040763265 a prime number?
False
Is 5755921 a composite number?
False
Is 3294433 composite?
True
Is 368434037 composite?
False
Is 5752133 a prime number?
False
Is 93746773 composite?
False
Is 2262837 composite?
True
Is 317453 a composite number?
False
Is 63784907 a composite number?
False
Is 114269 prime?
True
Is 734189 composite?
False
Is 45809279 a composite number?
True
Is 2530663 prime?
True
Is 1010129 a composite number?
False
Is 18822561 prime?
False
Is 5526293 a composite number?
True
Is 40095269 a prime number?
True
Is 49177561 composite?
False
Is 556044617 prime?
True
Is 844927 composite?
False
Is 27146087 a composite number?
False
Is 81713903 prime?
False
Is 14485487 prime?
False
Is 596633 prime?
True
Is 82877099 composite?
True
Is 863 composite?
False
Is 151402633 a composite number?
False
Is 158345749 prime?
True
Is 102169343 a prime number?
True
Is 22961491 composite?
True
Is 960271 a prime number?
False
Is 11469551 prime?
False
Is 1146247 a prime number?
False
Is 4680941 a prime number?
True
Is 37233517 prime?
True
Is 30622013 composite?
False
Is 28821469 prime?
False
Is 64289387 prime?
False
Is 29326867 a prime number?
False
Is 185677 a prime number?
True
Is 8902547 prime?
True
Is 3995735 prime?
False
Is 42884167 composite?
True
Is 4289653 prime?
True
Is 3869561 a composite number?
False
Is 260361203 a composite number?
False
Is 93844379 prime?
False
Is 1436889 prime?
False
Is 96048397 composite?
False
Is 1174913 prime?
True
Is 192489643 a composite number?
False
Is 595801 prime?
True
Is 240058961 a composite number?
False
Is 5338717 prime?
True
Is 90063727 a composite number?
True
Is 58098643 a composite number?
False
Is 131601709 a composite number?
True
Is 75771413 composite?
True
Is 62812537 a prime number?
False
Is 4593737 a composite number?
False
Is 8125457 composite?
False
Is 30374063 composite?
False
Is 7191871 a prime number?
False
Is 27630683 composite?
False
Is 152501 a composite number?
False
Is 1493867 prime?
True
Is 10428697 prime?
True
Is 61139069 a prime number?
True
Is 19487257 a composite number?
False
Is 3292033 composite?
True
Is 121749211 a composite number?
True
Is 133926491 a composite number?
True
Is 3802003 a composite number?
False
Is 28774 composite?
True
Is 1156782707 composite?
False
Is 21965219 composite?
False
Is 465185067 a prime number?
False
Is 61989247 prime?
True
Is 7004401 a prime number?
True
Is 422937539 a composite number?
True
Is 284299 a prime number?
False
Is 91775569 a composite number?
True
Is 13498181 prime?
True
Is 5077 composite?
False
Is 54368657 prime?
False
Is 74953141 a composite number?
False
Is 6725827 composite?
False
Is 199536245 composite?
True
Is 15881717 composite?
False
Is 2765629 a composite number?
True
Is 17080081 a composite number?
False
Is 715487 prime?
False
Is 42611 a composite number?
False
Is 25630493 a composite number?
True
Is 569512579 a prime number?
True
Is 61810531 composite?
False
Is 6774289 a prime number?
True
Is 55245499 composite?
False
Is 3462637 composite?
False
Is 2325133 a composite number?
True
Is 599299 composite?
True
Is 6083507 composite?
False
Is 4833991 composite?
False
Is 336462619 a composite number?
True
Is 6734859 composite?
True
Is 1258651 a composite number?
True
Is 69270059 composite?
False
Is 1429507 prime?
True
Is 75939361 composite?
False
Is 33496003 composite?
False
Is 6686711 a composite number?
False
Is 1619395 a composite number?
True
Is 6785263 a prime number?
True
Is 23861483 prime?
True
Is 1426427 a prime number?
True
Is 487564631 prime?
True
Is 2996261 prime?
False
Is 68982829 a prime number?
True
Is 40293349 composite?
True
Is 47922499 composite?
False
Is 19881899 a prime number?
False
Is 55601213 a composite number?
False
Is 43094257 prime?
True
Is 18568195 a composite number?
True
Is 9635431 composite?
True
Is 1812413 a composite number?
True
Is 183893 a composite number?
True
Is 638422 composite?
True
Is 88523519 a prime number?
False
Is 37287551 prime?
False
Is 435320387 prime?
False
Is 241391 a prime number?
True
Is 16314657 composite?
True
Is 3831833 a prime number?
False
Is 117307 a composite number?
False
Is 418210049 composite?
False
Is 4604101 a composite number?
False
Is 9387331 a prime number?
True
Is 192571069 a prime number?
True
Is 124953923 a prime number?
True
Is 1585697 prime?
True
Is 4443883 composite?
True
Is 134071723 composite?
False
Is 1395319 a composite number?
False
Is 33468527 composite?
True
Is 45142079 composite?
False
Is 1293893 a composite number?
True
Is 7821185 prime?
False
Is 23630069 composite?
False
Is 290173823 a composite number?
True
Is 5122621 a composite number?
True
Is 67904257 a composite number?
True
Is 971629 composite?
True
Is 12799603 a prime number?
False
Is 79412707 a composite number?
True
Is 26044597 a composite number?
True
Is 20803927 a composite number?
True
Is 7005731 a prime number?
False
Is 105617 prime?
False
Is 8042147 a composite number?
False
Is 5855383 a composite number?
False
Is 153219109 prime?
False
Is 7438967 a composite number?
False
Is 4608767 a prime number?
False
Is 7464823 composite?
False
Is 36526431 a composite number?
True
Is 156375743 a prime number?
False
Is 351081251 a composite number?
False
Is 2113985 a prime number?
False
Is 32720195 a prime number?
False
Is 659137 prime?
True
Is 1230587 a composite number?
False
Is 7265473 prime?
True
Is 16835503 prime?
False
Is 15099727 composite?
False
Is 1485373 composite?
False
Is 50051461 a composite number?
True
Is 512881 a composite number?
True
Is 292769 composite?
True
Is 148556215 composite?
True
Is 493999 composite?
True
Is 235993019 composite?
False
Is 10300943 prime?
False
Is 24188101 a composite number?
True
Is 13059733 composite?
False
Is 2251037 prime?
False
Is 237839387 a prime number?
False
Is 85434515 a prime number?
False
Is 10930457 composite?
False
Is 9826697 prime?
False
Is 25078171 a prime number?
True
Is 2349701 a composite number?
False
Is 185325677 a prime number?
False
Is 699001 a composite number?
False
Is 89625671 prime?
False
Is 204